{"id":7,"date":"2015-03-24T16:39:12","date_gmt":"2015-03-24T15:39:12","guid":{"rendered":"http:\/\/specht.aaronkarger.com\/?page_id=7"},"modified":"2022-04-18T08:35:15","modified_gmt":"2022-04-18T06:35:15","slug":"biographie","status":"publish","type":"page","link":"http:\/\/www.specht-krimis.at\/?page_id=7","title":{"rendered":"Die Autoren"},"content":{"rendered":"<p><a href=\"http:\/\/www.specht-krimis.at\/wp-content\/uploads\/2019\/01\/20181120_155348635.jpg\"><img loading=\"lazy\" class=\"wp-image-781 alignleft\" src=\"http:\/\/www.specht-krimis.at\/wp-content\/uploads\/2019\/01\/20181120_155348635-681x1024.jpg\" alt=\"\" width=\"197\" height=\"296\" srcset=\"http:\/\/www.specht-krimis.at\/wp-content\/uploads\/2019\/01\/20181120_155348635-681x1024.jpg 681w, http:\/\/www.specht-krimis.at\/wp-content\/uploads\/2019\/01\/20181120_155348635-199x300.jpg 199w, http:\/\/www.specht-krimis.at\/wp-content\/uploads\/2019\/01\/20181120_155348635-768x1155.jpg 768w, http:\/\/www.specht-krimis.at\/wp-content\/uploads\/2019\/01\/20181120_155348635-676x1017.jpg 676w, http:\/\/www.specht-krimis.at\/wp-content\/uploads\/2019\/01\/20181120_155348635.jpg 1224w\" sizes=\"(max-width: 197px) 100vw, 197px\" \/><\/a><\/p>\n<h1 id=\"title\" class=\"a-size-large a-spacing-none\"><span id=\"productTitle\" class=\"a-size-large\">Veronika Rieger<br \/>\n<\/span><\/h1>\n<p><span id=\"productTitle\" class=\"a-size-large\">Geb. 1959 in Nieder\u00f6sterreich. Hat im Jahr 2012 mit dem Schreiben von Kriminalromanen rund um den pensionierten Chefinspektor Bruno Specht begonnen &#8211; einer Romanreihe, die den Protagonisten Bruno Specht, jeweils unter dem Aufh\u00e4nger eines spannenden Kriminalfalls, sukzessive durch die \u00f6sterreichischen Bundesl\u00e4nder f\u00fchrt, und dabei auch regionale und geschichtliche Besonderheiten schildert &#8230;<\/span><\/p>\n<h1><\/h1>\n<p>&nbsp;<\/p>\n<h1 id=\"title\" class=\"a-size-large a-spacing-none\"><span id=\"productTitle\" class=\"a-size-large\"><a href=\"http:\/\/www.specht-krimis.at\/wp-content\/uploads\/2019\/01\/20181120_155956570.jpg\"><img loading=\"lazy\" class=\"wp-image-782 alignleft\" src=\"http:\/\/www.specht-krimis.at\/wp-content\/uploads\/2019\/01\/20181120_155956570-681x1024.jpg\" alt=\"\" width=\"193\" height=\"290\" srcset=\"http:\/\/www.specht-krimis.at\/wp-content\/uploads\/2019\/01\/20181120_155956570-681x1024.jpg 681w, http:\/\/www.specht-krimis.at\/wp-content\/uploads\/2019\/01\/20181120_155956570-199x300.jpg 199w, http:\/\/www.specht-krimis.at\/wp-content\/uploads\/2019\/01\/20181120_155956570-768x1155.jpg 768w, http:\/\/www.specht-krimis.at\/wp-content\/uploads\/2019\/01\/20181120_155956570-676x1017.jpg 676w, http:\/\/www.specht-krimis.at\/wp-content\/uploads\/2019\/01\/20181120_155956570.jpg 1224w\" sizes=\"(max-width: 193px) 100vw, 193px\" \/><\/a><\/span><\/h1>\n<h1 class=\"a-size-large a-spacing-none\"><span id=\"productTitle\" class=\"a-size-large\">Mario Rieger<br \/>\n<\/span><\/h1>\n<p><span id=\"productTitle\" class=\"a-size-large\">Co-Autor der Specht-Romane und als solcher zust\u00e4ndig f\u00fcr Recherche und Marketing. Geb. 1972 in der Weststeiermark. Seine zahlreichen, berufsbedingten Kontakte mit Menschen aus allen Gesellschaftsschichten offenbaren ihm tiefe Einblicke in die menschliche Seele und in unterschiedlichste Milieus &#8211; die sich in den Specht-Krimis widerspiegeln &#8230;<br \/>\n<\/span><\/p>\n","protected":false},"excerpt":{"rendered":"<p>Veronika Rieger Geb. 1959 in Nieder\u00f6sterreich. Hat im Jahr 2012 mit dem Schreiben von Kriminalromanen rund um den pensionierten Chefinspektor Bruno Specht begonnen &#8211; einer Romanreihe, die den Protagonisten Bruno Specht, jeweils unter dem Aufh\u00e4nger eines spannenden Kriminalfalls, sukzessive durch die \u00f6sterreichischen Bundesl\u00e4nder f\u00fchrt, und dabei auch regionale und geschichtliche Besonderheiten schildert &#8230; &nbsp; Mario [&hellip;]<\/p>\n","protected":false},"author":1,"featured_media":0,"parent":0,"menu_order":1,"comment_status":"closed","ping_status":"closed","template":"","meta":[],"_links":{"self":[{"href":"http:\/\/www.specht-krimis.at\/index.php?rest_route=\/wp\/v2\/pages\/7"}],"collection":[{"href":"http:\/\/www.specht-krimis.at\/index.php?rest_route=\/wp\/v2\/pages"}],"about":[{"href":"http:\/\/www.specht-krimis.at\/index.php?rest_route=\/wp\/v2\/types\/page"}],"author":[{"embeddable":true,"href":"http:\/\/www.specht-krimis.at\/index.php?rest_route=\/wp\/v2\/users\/1"}],"replies":[{"embeddable":true,"href":"http:\/\/www.specht-krimis.at\/index.php?rest_route=%2Fwp%2Fv2%2Fcomments&post=7"}],"version-history":[{"count":10,"href":"http:\/\/www.specht-krimis.at\/index.php?rest_route=\/wp\/v2\/pages\/7\/revisions"}],"predecessor-version":[{"id":780,"href":"http:\/\/www.specht-krimis.at\/index.php?rest_route=\/wp\/v2\/pages\/7\/revisions\/780"}],"wp:attachment":[{"href":"http:\/\/www.specht-krimis.at\/index.php?rest_route=%2Fwp%2Fv2%2Fmedia&parent=7"}],"curies":[{"name":"wp","href":"https:\/\/api.w.org\/{rel}","templated":true}]}}

<p><a href="http://www.specht-krimis.at/wp-content/uploads/2019/01/20181120_155348635.jpg"><img loading="lazy" class="wp-image-781 alignleft" src="http://www.specht-krimis.at/wp-content/uploads/2019/01/20181120_155348635-681x1024.jpg" alt="" width="197" height="296" srcset="http://www.specht-krimis.at/wp-content/uploads/2019/01/20181120_155348635-681x1024.jpg 681w, http://www.specht-krimis.at/wp-content/uploads/2019/01/20181120_155348635-199x300.jpg 199w, http://www.specht-krimis.at/wp-content/uploads/2019/01/20181120_155348635-768x1155.jpg 768w, http://www.specht-krimis.at/wp-content/uploads/2019/01/20181120_155348635-676x1017.jpg 676w, http://www.specht-krimis.at/wp-content/uploads/2019/01/20181120_155348635.jpg 1224w" sizes="(max-width: 197px) 100vw, 197px" /></a></p>
<h1 id="title" class="a-size-large a-spacing-none"><span id="productTitle" class="a-size-large">Veronika Rieger<br />
</span></h1>
<p><span id="productTitle" class="a-size-large">Geb. 1959 in Niederösterreich. Hat im Jahr 2012 mit dem Schreiben von Kriminalromanen rund um den pensionierten Chefinspektor Bruno Specht begonnen &#8211; einer Romanreihe, die den Protagonisten Bruno Specht, jeweils unter dem Aufhänger eines spannenden Kriminalfalls, sukzessive durch die österreichischen Bundesländer führt, und dabei auch regionale und geschichtliche Besonderheiten schildert &#8230;</span></p>
<h1></h1>
<p>&nbsp;</p>
<h1 id="title" class="a-size-large a-spacing-none"><span id="productTitle" class="a-size-large"><a href="http://www.specht-krimis.at/wp-content/uploads/2019/01/20181120_155956570.jpg"><img loading="lazy" class="wp-image-782 alignleft" src="http://www.specht-krimis.at/wp-content/uploads/2019/01/20181120_155956570-681x1024.jpg" alt="" width="193" height="290" srcset="http://www.specht-krimis.at/wp-content/uploads/2019/01/20181120_155956570-681x1024.jpg 681w, http://www.specht-krimis.at/wp-content/uploads/2019/01/20181120_155956570-199x300.jpg 199w, http://www.specht-krimis.at/wp-content/uploads/2019/01/20181120_155956570-768x1155.jpg 768w, http://www.specht-krimis.at/wp-content/uploads/2019/01/20181120_155956570-676x1017.jpg 676w, http://www.specht-krimis.at/wp-content/uploads/2019/01/20181120_155956570.jpg 1224w" sizes="(max-width: 193px) 100vw, 193px" /></a></span></h1>
<h1 class="a-size-large a-spacing-none"><span id="productTitle" class="a-size-large">Mario Rieger<br />
</span></h1>
<p><span id="productTitle" class="a-size-large">Co-Autor der Specht-Romane und als solcher zuständig für Recherche und Marketing. Geb. 1972 in der Weststeiermark. Seine zahlreichen, berufsbedingten Kontakte mit Menschen aus allen Gesellschaftsschichten offenbaren ihm tiefe Einblicke in die menschliche Seele und in unterschiedlichste Milieus &#8211; die sich in den Specht-Krimis widerspiegeln &#8230;<br />
</span></p>

<p>Veronika Rieger Geb. 1959 in Niederösterreich. Hat im Jahr 2012 mit dem Schreiben von Kriminalromanen rund um den pensionierten Chefinspektor Bruno Specht begonnen &#8211; einer Romanreihe, die den Protagonisten Bruno Specht, jeweils unter dem Aufhänger eines spannenden Kriminalfalls, sukzessive durch die österreichischen Bundesländer führt, und dabei auch regionale und geschichtliche Besonderheiten schildert &#8230; &nbsp; Mario [&hellip;]</p>
